 b?
2
Suppose -669 + 3 = -2*f. Let b = f - 158. What are the prime factors of b?
5, 7
Suppose 0 = 5*c + 3 + 32. Let x = c + 6. List the prime factors of (2 + x)*(40 - 9).
31
Suppose -t = 3*t - 412. Suppose -3*l + t = i, -l - 4*i + 14 = -35. List the prime factors of l.
3, 11
Let m(p) = -p. Let c(j) = 10*j + 14. Let g(t) = c(t) + m(t). List the prime factors of g(10).
2, 13
Let a = 857 + -161. Suppose m = -5*m + a. List the prime factors of m.
2, 29
Suppose -3*y - 2*y + 2*q = -8868, -4*q + 7072 = 4*y. What are the prime factors of y?
2, 443
Suppose -k + 15 = 4*k. Suppose -2*y = -0*u - k*u + 62, 0 = -5*y - 20. Suppose -5*c = -4*o - 0*o - u, -3*c = o - 21. What are the prime factors of c?
2, 3
Suppose -4*c + 3 = -t + c, 5*t - 5 = 5*c. Suppose 0 = 3*j - 7 + 16. What are the prime factors of (t + j)/(1/(-18))?
2, 3
Let k(r) = -6*r - 13. Let z(d) = -d + 2. Let f(x) = -k(x) - 6*z(x). Suppose 4*m - 1 = 3*l, 0 = -3*l - 0*m + 3*m. What are the prime factors of f(l)?
13
Let s be 1 - 3*4/2. Let b(i) = -i**3 + i**2 - 1. Let o be b(-2). Let d = s + o. List the prime factors of d.
2, 3
Let n = 4980 - 3340. What are the prime factors of n?
2, 5, 41
Let t(m) = 6*m - 5. Let q be t(-14). Let d = q - -151. Let s = 107 - d. What are the prime factors of s?
3, 5
List the prime factors of 549 - 1*(0 + -2 + 6).
5, 109
Let y(s) = 1 - 3*s - 5 - 2*s - 5. Let l be y(-4). Let o = 37 - l. What are the prime factors of o?
2, 13
Let q(v) = -v**2 + 14*v - 2. Let j = -19 - -33. Let b be q(j). What are the prime factors of 5/b*114/(-5)?
3, 19
Let g = -96 + 168. Suppose -w = -2*r + 83 - 10, -g = -2*r + 2*w. What are the prime factors of r*1 - 45/15?
2, 17
Suppose o = 1 + 1, 12 = m - 2*o. List the prime factors of m.
2
List the prime factors of ((-11)/(-22))/(-1 - (-838)/836).
11, 19
Let v be 6/27 - 129/(-27). Suppose -3*x + v*x = 136. What are the prime factors of x?
2, 17
Let g be 2/(-10) + (-36)/20. Let n = g + 7. List the prime factors of (-113 - 2)*(-2)/n.
2, 23
Let g(o) = 2*o**2 + o - 1. Let q be g(1). Suppose 0 = 3*t + q*w - 536, -209 - 339 = -3*t + 4*w. Suppose 6*z = 9*z - t. List the prime factors of z.
2, 3, 5
Suppose 42*d - 102 = 48*d. List the prime factors of d/4*(-52)/13.
17
What are the prime factors of 860/1 + (19 - 16)?
863
Suppose -2421 = -4*j - 65. What are the prime factors of j?
19, 31
Let l be (-5)/10 + (-133)/(-2). Suppose l = s + s. What are the prime factors of s?
3, 11
Let m(y) = -y**2 + 2*y - 5. Let g(l) = l + 7. Let u be g(-4). Let t be m(u). Let b = -5 - t. List the prime factors of b.
3
Let i(p) = -50*p + 55. List the prime factors of i(-6).
5, 71
List the prime factors of -7*(-6)/(18/681).
7, 227
What are the prime factors of 4/10 + (-1105684)/(-790)?
2, 5, 7
Suppose -h - 399 = -4*h + 2*o, 3*h - 399 = -2*o. Let a = h + -95. List the prime factors of a.
2, 19
Suppose d = 4*y + 1, -2*y - d = -4*d - 7. Let i(s) = -14*s - 1. What are the prime factors of i(y)?
13
Suppose 22 - 97 = -5*z. Let r be (-5)/z - (-11)/(-3). Let k(j) = j**3 + 5*j**2 - j + 4. List the prime factors of k(r).
2, 3
Let r(t) = t**2 + 7*t + 26. List the prime factors of r(8).
2, 73
Let r = 269 - -185. What are the prime factors of r?
2, 227
List the prime factors of -4 + 725 + -1 + (4 - 2).
2, 19
Suppose 2*s + 336 = 2*u - 1362, 3*s + 3395 = 4*u. List the prime factors of u.
2, 53
Let x = 9 - 3. Let s = x + -9. Let d(u) = u**3 + 7*u**2 + 6*u - 1. List the prime factors of d(s).
17
Let k(z) = z**3 + 4*z**2 + 3*z + 1. Let f be k(-2). Suppose -5*j = -f*a + 124 - 503, -a = -2*j + 152. List the prime factors of j.
7, 11
Suppose -4*h + 2 + 30 = 0. Suppose 0 = -4*k + 5*t - h, -5*k + 4*t + 11 = 3*t. Suppose -k*o - y + 32 = 0, 3*o + 2*y - 22 = 3*y. What are the prime factors of o?
3
Suppose -18 = -3*z - 0. List the prime factors of (-306)/(-15) - z/(-10).
3, 7
Let y be 27/(-6)*(-6)/9. Suppose -88 = -y*b + 140. Suppose 0 = r - 5*r + b. What are the prime factors of r?
19
Suppose -w + 11*w = 2770. What are the prime factors of w?
277
Let y(h) = 11*h - 14. Let k(v) = 32*v - 41. Let q(z) = -3*k(z) + 8*y(z). What are the prime factors of q(-7)?
67
List the prime factors of (-34 - -1720)*(-2)/(-4).
3, 281
Let y(q) = q**3 + 9*q**2 + 9*q + 4. Let a be -1 + -8 + 12/4. Let r be y(a). Suppose 3*p + 3*g = 81, -2*p + 2 = -4*g - r. What are the prime factors of p?
2, 7
List the prime factors of (154 - (-1 - -5)) + (-3)/(-1).
3, 17
Suppose 2*p - c = p + 352, 4*p - 1405 = 5*c. List the prime factors of p.
5, 71
Let g = -5 + -2. Let x(j) = j**3 + 6*j**2 - 6*j + 13. List the prime factors of x(g).
2, 3
Let t be (-177)/(-2)*11/((-165)/20). Let v = 252 + t. List the prime factors of v.
2, 67
Suppose 2054 = -2*h - 6100. List the prime factors of h/(-36) - (-1)/(-4).
113
Let h(x) be the second derivative of -1/2*x**3 + 1/20*x**5 + 0 - 3*x - 1/12*x**4 - 1/2*x**2. List the prime factors of h(3).
2
Suppose 815 = 2*q + 133. List the prime factors of q.
11, 31
Suppose 12 = -9*i + 3*i. Let j = 23 - 13. Let u = j - i. What are the prime factors of u?
2, 3
Let g = 5351 - 1767. What are the prime factors of g?
2, 7
Let k = 7 - 4. Let q(u) = -2*u - 4 - 2*u**k + 4*u + u + 2*u**2. List the prime factors of q(-3).
59
Let x(t) = 5*t - 28. Let l = -15 - -27. Let n be x(l). Suppose -208 - n = -5*r. What are the prime factors of r?
2, 3
Let d = 1060 + -744. What are the prime factors of d?
2, 79
Let q(m) = 2*m**2 - 14*m + 3. Let y be q(7). Suppose -2*u = -y*u - 2*n + 72, 4*u + 3*n - 263 = 0. What are the prime factors of u?
2, 31
Let d(j) = 3*j - 41. Let b be d(30). Let q be (0 + 10)*(-5 + 2). Let z = q + b. List the prime factors of z.
19
Let s be 100/30*(-9)/(-4)*2. Suppose 28 = 5*a + 2*i - 38, -s = -a - i. What are the prime factors of a?
2, 3
Suppose 4*n + 6*n = 440. Suppose x + 3*z = n, 4*z + 125 = 5*x - 0*x. What are the prime factors of x?
29
Let s(o) = o**2 - o + 1. Let v(r) = r**2 + 9*r - 11. Let c(n) = 3*s(n) + v(n). What are the prime factors of c(-6)?
2, 5
Let h(y) = 6*y**3 - y**2 + 4*y + 8. Let i(n) = 7*n**3 + 4*n + 9. Let k(c) = -6*h(c) + 5*i(c). What are the prime factors of k(5)?
2
Suppose -5*t - 2*n = -1690, -2*n = -0*n. Suppose -5*w - 3*m = -2*m - t, 2*m - 268 = -4*w. List the prime factors of w.
2, 17
Suppose 5*w - 43 = 7. Let g be 28/35*w/2. Suppose -3*v = 2*i - 55, -i = -g*i + 3*v + 45. What are the prime factors of i?
2, 5
What are the prime factors of (-40)/(-14 + 4) - (-1 + -2016)?
43, 47
Suppose -4*q - 16 = -8*q. Suppose 0 = -2*i - 2*z - 8, 0*i + 3*z = -q*i - 13. List the prime factors of 276/20 + i/(-5).
2, 7
List the prime factors of 3/(-4)*((-11911)/3 + 5).
2, 1487
Let a be 10/6 - 16/(-3). Suppose -2*c - 208 = -5*v, 3*c = a*c + 16. List the prime factors of v.
2, 5
Let c(n) = -n**3 - 4*n + 96. Suppose 0 = -6*h + h. What are the prime factors of c(h)?
2, 3
List the prime factors of ((-1242)/(-21))/((-1)/(-42)) + 6.
2, 3, 5, 83
Let b(j) be the second derivative of j**4/12 + 5*j**3/2 + 21*j**2 + 4*j. List the prime factors of b(-12).
2, 3
Suppose -2*s + 19 = -5*d, 2*s = -2*s - 5*d - 7. Suppose 4*o = 3*t - 13 + 43, s*t = -5*o + 3. What are the prime factors of 14 - (t - -3 - -2)?
3, 5
Let m = -2 + 6. Suppose -m*f - n + 46 = 0, n - 22 = -4*f + 2*f. What are the prime factors of (-62)/(-3) - (-4)/f?
3, 7
Suppose 4*d + 111 = 5*h, 4*h = -2*d - 2*d + 60. Suppose -209*r = -215*r + 24. Let q = r + h. What are the prime factors of q?
23
Let x = -12 + -4. Let y = 79 + x. List the prime factors of y.
3, 7
List the prime factors of (153/6)/((-19)/(-266)).
3, 7, 17
Let a = -2 - -4. Suppose -5*x + 2*t + 254 = -0*x, a*x + 2*t - 110 = 0. What are the prime factors of x?
2, 13
Let c = 196 - 201. Let f(i) = 3*i**2 - i + 6. Let g(a) = -a. Let o(z) = f(z) - 4*g(z). List the prime factors of o(c).
2, 3, 11
Suppose -2*a + q = 283, 4*a + 675 = -4*q + 127. Let f = -72 - a. List the prime factors of f.
2, 17
Suppose -1 = 2*p - 7, -b + 685 = -5*p. Suppose 2*y + 4*m + m - 500 = 0, 0 = 3*y - 5*m - b. Suppose -3*v + y = v. List the prime factors of v.
2, 3, 5
Let m = 950 - 525. What are the prime factors of m?
5, 17
Suppose 4*k + 17*y - 3692 = 14*y, 2*k = 5*y + 1820. What are the prime factors of k?
2, 5, 23
Let s = 69 + -63. Suppose -s*i = -279 - 105. List the prime factors of i.
2
Let u(q) = -2*q - 12. Let i be u(-8). Suppose -n 